 the greatest common divisor of 12 and z?
12
Let p be 4*2 - (113 + -100) - -7. Suppose -4*c + 5*c - 1 = 0. What is the highest common divisor of c and p?
1
Let l = 13385 - 13110. Calculate the greatest common factor of l and 50.
25
Let q(b) = -185*b**3 + b**2 + 3*b - 4. Let c be q(1). Let n = -68 - c. Calculate the greatest common factor of 13 and n.
13
Let h be 5/2*((-228)/95 - -8). What is the highest common factor of h and 1211?
7
Let q = 3571 + -2437. Let g(p) = 28*p**2 + 637*p + 636. Let a be g(-1). What is the greatest common factor of q and a?
27
Let k be (230 - 242)/((-3)/5). Calculate the highest common divisor of k and 3970.
10
Suppose 706 - 1317 - 1181 = -7*x. What is the greatest common divisor of 384 and x?
128
Let n = -46 - -46. Let g be (-6)/6 + 3 + n. Suppose i = -g*k + 270, -i = k - 5*k + 540. Calculate the greatest common divisor of k and 54.
27
Let w = 9 - -216. Suppose 0 = -6*j - 9*j + w. Suppose -2*v + 4 + 2 = 0. What is the highest common divisor of j and v?
3
Let b be 5 - (0 + -4 - -7). Let r be ((-8)/b)/(-12)*96. Calculate the greatest common divisor of r and 64.
32
Let g = -5609 + 5973. What is the highest common divisor of g and 676?
52
Let y(f) = -3*f**2 + 53*f + 9. Let w be y(18). Let i be -15*((-24)/w)/(-4). Calculate the highest common factor of 160 and i.
10
Suppose 4347*q = 4362*q - 600. Calculate the greatest common divisor of 15 and q.
5
Let i be ((-15)/(-2) - -2)*2. Suppose -i*c = -16*c. Suppose -2*v + l + 384 + 263 = c, -653 = -2*v - 5*l. Calculate the greatest common divisor of v and 36.
36
Let g be 1/(-3) + (-62)/(-6). Let d be (-1 + -1)/(g/(-715)). Suppose 4*n - s - 45 = 0, s - 10 = -n + 10. Calculate the greatest common factor of n and d.
13
Suppose 9 = i - 0*i. Let h(c) = 54*c - 693. Let d be h(16). Calculate the highest common factor of d and i.
9
Suppose -y = -4*y - 87. Let x = 36 + y. What is the highest common factor of x and 112?
7
Suppose -672*v + 1333*v - 672*v = -110. Let x(w) = 2*w**3 + 3*w**2 - 4*w - 4. Let l be x(-3). Let a = 29 + l. What is the highest common divisor of v and a?
10
Let z = -5 + 6. Let l(d) = 20*d**3 + d**2. Let y be l(z). Let x(k) = 30*k + 307. Let h be x(-10). Calculate the highest common divisor of y and h.
7
Suppose -33*w = -30*w + 243. Let l = 265 + w. What is the greatest common divisor of l and 23?
23
Suppose 4*l - 105 = -93. Suppose -2*h + b + 10 = 0, -4*h - l*b = -3*h - 19. Calculate the highest common divisor of h and 5.
1
Let z be 4/(-30) - (-276)/45. Suppose 4 + 20 = -z*y. Let s = y - -12. What is the highest common factor of 24 and s?
8
Let u = -37219 + 37427. What is the greatest common factor of u and 9308?
52
Let m(h) = 4*h**2 - 18*h - 94. Let x be m(-4). Let t = 25 - -80. What is the highest common divisor of x and t?
21
Let v(y) = -674*y**3 - 13*y**2 - 3*y + 1. Let n be v(-3). Calculate the highest common factor of 79 and n.
79
Let o be (87*12)/(((-13)/(-2))/(-13)). Let l = -1416 - o. Calculate the highest common divisor of l and 21.
21
Let r = 8214 + -7512. Calculate the greatest common divisor of r and 1521.
117
Let i = -963 - -3079. Calculate the greatest common divisor of i and 92.
92
Let v(z) = 12*z - 16. Let t(u) = 8*u - 11. Let s(k) = -7*t(k) + 5*v(k). Let x be s(3). Suppose 21 + x = 2*i. What is the greatest common factor of 60 and i?
15
Let c = 54234 - 111500. Let f be c/(-132) - 1/(-6). Calculate the highest common factor of 31 and f.
31
Suppose -2261 = -9210*p + 9203*p. Suppose n + 110 = 6*n + 5*b, -5*n - 4*b + 107 = 0. What is the greatest common factor of n and p?
19
Let b(k) = 156*k**2 + 65*k - 364. Let d be b(5). What is the greatest common factor of d and 2673?
297
Suppose 2*u = l - 253, -109*l + 105*l + 3*u + 1047 = 0. Calculate the highest common factor of l and 2581.
89
Suppose 18*u - 10540 = -16*u. Let p = u - 262. What is the greatest common divisor of p and 144?
48
Let n be ((-171)/(-6))/((1863/(-7268))/(-27)). What is the highest common divisor of n and 158?
158
Suppose 1253 + 103 = 4*r. Suppose r = 5*v + 114. Let x(j) = j**3 - 33*j**2 - 69*j - 8. Let o be x(35). Calculate the highest common factor of o and v.
9
Let c = -1751 - -1761. Calculate the highest common divisor of c and 685.
5
Let m(d) = 5*d**3 - 10*d**2 + 4*d - 6. Let z be m(4). Let j(c) = 20*c + 82. Let r be j(1). Calculate the greatest common divisor of z and r.
34
Let o be (18/8)/((-30)/(-2240)). Let h be 6 - 2/(1 - 3). Suppose 0*f - h*f + o = 0. What is the highest common divisor of 8 and f?
8
Suppose -5*m - 52 = s, 5*m = 4*s - 7*s - 176. Let g = s - -66. Suppose 5 = 3*k - g. What is the greatest common factor of k and 24?
3
Let o(g) = 140*g - 6716. Let u be o(50). Let q(n) = -n**2 - 4*n + 1. Let x be q(-3). Calculate the greatest common factor of u and x.
4
Suppose 11*c - 17*c = -1692. Suppose 0 = 4*f - 7*f - 5*z + 847, -2*z = f - c. Suppose 0 = -4*g + f + 148. Calculate the greatest common factor of 24 and g.
12
Let v = 1688 - -1352. Calculate the greatest common divisor of v and 60.
20
Let b be 1122/1320 + 3/(-12) - (-107)/5. What is the greatest common factor of b and 286?
22
Suppose -146 = -4*v - 5*q, 281*q + 238 = 5*v + 278*q. Suppose 1946 = 4*b - 2*m, 499 = 4*b - 3*b - 3*m. What is the highest common factor of v and b?
44
Suppose 31*k - 874 = -15*k. Let c = k - -165. Calculate the greatest common factor of c and 69.
23
Suppose -2*t + 298 = 2*i, 78 = -3*t + 5*i + 509. Calculate the greatest common factor of t and 15.
3
Suppose 40*w = 49*w - 108. Let j be (-11156)/(-16) - 3/w. What is the greatest common divisor of j and 17?
17
Let n be 13 + (-15 + 1)*3/6. What is the highest common divisor of n and 44?
2
Suppose -14*n + 10*n + 24 = 0. Suppose -5*g + 13 + 32 = 0. What is the greatest common factor of n and g?
3
Let r(s) = -s**3 - 11*s**2 + 46*s + 39. Let w be r(-21). What is the greatest common divisor of w and 54?
27
Suppose -36 + 99 = -7*r. Let q be (-2 + 0 + -10)*6/r. Let t(b) = -3*b - 17. Let w be t(-6). What is the greatest common divisor of q and w?
1
Let o be (((-3)/(-4))/(28/(-112)))/(1/(-6)). Calculate the greatest common divisor of o and 1350.
18
Let m be (4/(-10) - (-2)/5)/1. Suppose m = 70*s - 75*s + 1625. What is the highest common divisor of 13 and s?
13
Let s = 40 + -21. Let o be (-3 + 2)/(2/(-114)) - (229 - 229). What is the greatest common factor of o and s?
19
Let f be (-300)/(-40)*((-9)/(-12) - 141/(-36)). What is the highest common divisor of f and 70?
35
Let b = -120 + 234. Let y(p) = p**3 - 11*p**2 - 4*p + 45. Let j be y(11). Let s be j/5 - (-3 - 1392/40). What is the greatest common divisor of b and s?
38
Let w = -1453 + 693. Let c = w + 1456. Suppose -6*a + c = 168. What is the greatest common factor of a and 11?
11
Suppose -f + 55 = -41. Suppose -5*u + f = -39. Let h be -10*(-5832)/90*(-3 - (-30)/9). Calculate the greatest common divisor of h and u.
27
Let x = -16288 - -16478. Calculate the greatest common factor of 3496 and x.
38
Let y = 526 - 266. Suppose u + y = 11*u. Calculate the highest common divisor of u and 169.
13
Suppose -24*x - 156 = -3900. What is the highest common divisor of 9620 and x?
52
Suppose 4 = -4*s - 3*d, -4*s - 3*d - 4 = -6*d. Let g be s/(0 - 1/14). Suppose 7*q + 1925 = g*q. Calculate the greatest common factor of q and 25.
25
Let x be -1 + (1 + -4 - 8). Let j(n) = -8*n - 16. Let d be j(x). Let t(o) = 7*o + 9. Let r be t(1). What is the greatest common factor of r and d?
16
Suppose 4*s = 179*w - 177*w - 462, 0 = 5*s + 40. What is the greatest common divisor of 5 and w?
5
Suppose 0 = y + 5, -2134 = 3*j - 5*j - 4*y. Suppose 0*i - 2*p = -i + 272, -4*i + j = 3*p. Let k = -115 + i. Calculate the greatest common factor of 31 and k.
31
Suppose -3*x - 396 = -4*x - 339. Let q(z) = -24*z + 9. Let i be q(-2). What is the greatest common divisor of i and x?
57
Let q be 108/5*((-12 - -12) + 15). What is the highest common factor of 636 and q?
12
Suppose -4*p + 57 + 179 = 4*n, -4*p = -12. What is the greatest common factor of 266 and n?
14
Suppose -8 = -8*n + 4*n. Suppose n*y + p - 7 - 139 = 0, 354 = 5*y - 3*p. Let m = y - 47. Calculate the highest common divisor of m and 125.
25
Suppose x - 2*x + 36 = 0. Let s = 31 - x. Let j be (-4)/6*s*18. Calculate the highest common divisor of j and 90.
30
Let l(n) = 2*n**3 - 34*n**2 + 28